uppose 5*v - t + 80 = 0. Let r = -5 - v. List the prime factors of r.
2, 5
What are the prime factors of (12 - 20922/55)*-5?
2, 3, 307
Suppose -24 = -7*c + c. Suppose c*x + 2*a - 450 = 0, -5*x + 3*a - 110 = -6*x. List the prime factors of x.
113
Suppose 2683 = -7*p + 9*p + 3*y, 5*p - 2*y = 6717. What are the prime factors of p?
17, 79
Let j = 7 + -12. Let u(q) = -q**2 - 3*q + 7. Let t be u(j). What are the prime factors of -3 + 80 + t*1?
2, 37
Suppose -152 = -3*h + 352. Suppose -8*m = -12*m + h. What are the prime factors of m?
2, 3, 7
Suppose 18*n + 9151 = 2*c + 19*n, -5*n = 2*c - 9171. List the prime factors of c.
17, 269
Let w be (-12)/(-10)*(-2)/(-12)*15. Suppose -5*x = -3*f - 537, -x = w*f - 100 + 7. List the prime factors of x.
3, 5, 7
Let i = -436 - -869. List the prime factors of i.
433
Suppose 2*q + 12 = -4. Let v = 104 + q. Suppose -a + v = 3*a. What are the prime factors of a?
2, 3
List the prime factors of -2*(543/(-2) - -3).
3, 179
Let a(t) = -t**3 - t + 4. Let d be a(0). Suppose -2*w - d = -14. Suppose 2*h + 23 = i + 132, w*h + 2*i - 259 = 0. List the prime factors of h.
53
Let f(s) = -29*s - 10. Let o be f(-10). Suppose -r - o = -5*r. What are the prime factors of r?
2, 5, 7
Let o(p) = 6*p - 3. Let g be o(-3). Suppose 489 = 3*h - 2223. What are the prime factors of h/28 + 6/g?
2
Suppose -7*s - 140 = -2996. Suppose -3 = 3*k - s. List the prime factors of k.
3, 5
Let m(o) = o**2 - 6*o - 24. Let c be m(9). Suppose 4*p + c*b - 1180 = -0*p, -5*p + 2*b = -1452. List the prime factors of p.
2, 73
Let n = -11 - -28. Let t = 7 + n. Let f = -4 + t. What are the prime factors of f?
2, 5
Suppose -3 - 13 = -4*w. Suppose i + 87 = 2*y, -w*i - 56 = 5*y - 293. What are the prime factors of y?
3, 5
Let l(c) = -312*c + 79. What are the prime factors of l(-5)?
11, 149
Let v(d) = 633*d**2 - 13*d - 11. What are the prime factors of v(-1)?
5, 127
Let q = 20 + 0. List the prime factors of 475/q*1*4.
5, 19
Let u(m) = 208*m**2 - 9*m + 36. What are the prime factors of u(3)?
3, 11, 19
Let q = 4963 + -3284. List the prime factors of q.
23, 73
Let o be 11/(66/(-9))*(-1756)/6. Let d = 719 - o. List the prime factors of d.
2, 5, 7
Let n = 72 + -71. Suppose 2*z - 52 = -2*o, -3*z + 5*o + 53 = -n. List the prime factors of z.
23
List the prime factors of (824/8 + (-2)/(-3))*3.
311
Suppose -16*g + 1113 = -10135. Suppose -g = -3*k + z, 0*k = 2*k - 2*z - 470. List the prime factors of k.
2, 3, 13
Let t = 4 - 4. Suppose 3*i + 20 = -2*i, -2*p - 3*i + 118 = t. List the prime factors of p.
5, 13
Let p be 5 + (-36)/3*-6. Suppose c - 10 = p. What are the prime factors of c?
3, 29
Suppose 4*o + 68 = -i, 86 = -2*o - 3*o - i. Let w be (-3)/o*4*9. Let q(j) = j - 3. What are the prime factors of q(w)?
3
Let x(a) = 38*a**2 - 4*a + 2. Let y be x(1). List the prime factors of (558/y)/((-1)/(-2)).
31
Suppose m - 690 = 150. Suppose -3*o + m = 2*o. List the prime factors of o.
2, 3, 7
Suppose 3*y - 13*q = -9*q + 6188, 5*y - 10275 = -q. List the prime factors of y.
2, 257
Let g be (425/15)/(1/9). Suppose 104*m - g = 99*m. What are the prime factors of m?
3, 17
Suppose 2*l - 1 = -o, 0*l - 3*l = o - 4. Suppose a - 77 = -i, 0 = 2*a - i - l*i - 178. Suppose a + 79 = 5*s. What are the prime factors of s?
2
Suppose 9 + 1 = 5*p. Let y(j) = j + 2. Let t be y(p). Suppose 4*m = -0*m, x + t*m = 24. What are the prime factors of x?
2, 3
Let o(r) = -25*r - 6. Let y be o(-2). Suppose 17 - y = -3*s. What are the prime factors of s?
3
Suppose 4*j + 91 = 3*a, j - 2*j = 4*a - 115. Let q = a - 40. Let c(x) = x**2 + 10*x - 8. What are the prime factors of c(q)?
3
Let x(q) = 4*q + 353. List the prime factors of x(21).
19, 23
Suppose -57*u = -61*u + 4268. What are the prime factors of u?
11, 97
Let v = -2 + 2. Suppose 4*w + 4*r + 0*r = -4, v = -r - 3. Suppose 0 = -2*x + x + w*m + 41, -5*x = 2*m - 205. What are the prime factors of x?
41
Suppose 17 = -4*s + 5*h, -s = 2*s + 4*h - 26. Suppose 5*r = u - 0*r + 34, -5*u - s*r = 35. Let z = 36 + u. List the prime factors of z.
3
Let m = 532 - 120. What are the prime factors of m?
2, 103
What are the prime factors of (1486/3)/(48/(-27) - -2)?
3, 743
Let a(w) = -w**3 + 27*w**2 + 135*w + 86. What are the prime factors of a(29)?
3, 773
Let a = 5037 + -3467. What are the prime factors of a?
2, 5, 157
Let i = -36 - -51. Suppose 5*s - i = -4*l, -9 = -3*s - 0*l + l. List the prime factors of s.
3
Suppose -110*p + 106*p + 2600 = 0. What are the prime factors of p?
2, 5, 13
Suppose 28*o - 24*o = -3*c + 8372, 8368 = 3*c + 5*o. List the prime factors of c.
2, 3, 233
List the prime factors of -3 - (4/(-6))/((-18)/(-5967)).
2, 109
Let n = 5 - 3. Suppose 7*d = n*d + 100. List the prime factors of d.
2, 5
Suppose 2*c - 2217 = 1115. List the prime factors of c.
2, 7, 17
Suppose 0 = -13*i - 206 - 470. Let v = i - -194. List the prime factors of v.
2, 71
Let t = -9 + 15. Suppose t*x + 444 = -0*x. Let b = -45 - x. List the prime factors of b.
29
Let s(k) = k**3 + 23*k**2 + 43*k + 44. Let q be s(-21). Let o(y) = -y**2 + 1. Let t be o(-3). Let a = q - t. List the prime factors of a.
31
Let j = -470 + 720. What are the prime factors of j?
2, 5
Let i be 1/((-4)/(-1)) - (-13)/(-52). Suppose -716 = -4*u - j, u - 179 = -i*u - 4*j. List the prime factors of u.
179
Let s(z) = z**3 - 2*z**2 + z + 2. Let c be s(-1). Let h = 65 + -45. Let f = c + h. List the prime factors of f.
2, 3
Let b(j) = 10*j - 13. Let z be b(22). Suppose 3*r = -f + z, 0 = -0*f + 3*f. What are the prime factors of r?
3, 23
Let z(g) be the first derivative of -3*g**3 - 4*g**2 + 5 + 1/4*g**4 - 14*g. What are the prime factors of z(10)?
2, 3
Suppose v + 16 = -15. Let k = -28 - v. Suppose 10 = 4*g - k*g. What are the prime factors of g?
2, 5
Let l(z) = z**2 - 6*z + 5. Let n be l(6). Let t = 32 + -18. Let i = n + t. What are the prime factors of i?
19
Let u be (1 - -2 - 7) + 8. Suppose 8 = u*r, -2*r + 37 = -4*q + 9. List the prime factors of 5/(15/q) - -56.
2, 3
Let k(a) = -a**3 + 6*a**2 + 8*a - 6. Let g be k(5). Suppose 2*x - 25 - g = 0. List the prime factors of -1 + x + (-4)/2.
3, 13
Let s = -42 - -30. Let y = 25 + s. What are the prime factors of (y - (3 - 0))*1?
2, 5
Suppose 0 = 57*c - 20471 + 6164. List the prime factors of c.
251
What are the prime factors of (-16)/(-6)*(3848/16 + -5)?
2, 157
Suppose 0 = 3*k - 257 + 14. List the prime factors of k.
3
Suppose 4*i + 20 = -i, 0 = -5*h - 3*i + 1383. List the prime factors of h.
3, 31
Let u(a) = -a**3 - 9*a**2 - 2*a - 13. Suppose -6*x = -2*x + 36. Let y be u(x). Let t(k) = -k**3 + 6*k**2 - 4*k - 3. What are the prime factors of t(y)?
2
Suppose 2*f - 4*f + t + 42 = 0, f + 2*t - 21 = 0. Let c = f + -14. Let l(g) = -g**3 + 8*g**2 - 5*g + 2. List the prime factors of l(c).
2
Suppose -15*p = -6*p - 38187. List the prime factors of p.
4243
Suppose 64*q - 45750 = -11*q. What are the prime factors of q?
2, 5, 61
Suppose -4*r = 6*r + 70. Let y = r + 13. What are the prime factors of y?
2, 3
Suppose -7*t + d + 53 = -3*t, d = -3*t + 45. Suppose 9*f - 414 = -t*f. List the prime factors of f.
2, 3
Suppose 4*n + 197 = 3*l, 4*l + 2*n + 79 = 305. List the prime factors of l.
59
Let s(l) = 288*l**2 + 7*l + 5. List the prime factors of s(-1).
2, 11, 13
Let d(v) = -v - 3. Let l be d(-5). Let h(y) = l + 3*y + y - 1. List the prime factors of h(6).
5
Let m be 4*(2/8 + 0). Let j = m + 3. Suppose 4*p = -j*y + 32 + 8, -10 = -y + 2*p. List the prime factors of y.
2, 5
Let q(d) = d**2 + 3*d + 508. List the prime factors of q(0).
2, 127
Suppose -4*z - 93 = 3*w, 0 = -0*w + 5*w - z + 178. Let y = 19 + w. Let b = y + 55. List the prime factors of b.
3, 13
Let c(z) be the second derivative of -7*z + 0 + 17/6*z**3 + 1/2*z**2. What are the prime factors of c(1)?
2, 3
Let d(v) = 2*v**2 + 4*v + 2. Let w be d(-2). Suppose 5*o + w*r = -0*o + 16, -10 = -o + 3*r. Suppose -u = o*u - 20. What are the prime factors of u?
2
Let a = -6 - -11. Let t = a - 2. Suppose -176 = -t*j - 59. List the prime factors of j.
3, 13
Suppose -8*m + 4*m = -40. Suppose -3*c - 2*c = m, -c = 4*r - 314. What are the prime factors of r?
79
Suppose d = 5, -4*s - 151 = -2*d + 7*d. What are the prime factors of (7 - 11) + (1 - s)?
41
Suppose -5*k + 20 = 0, k - 1867 = -5*x - 2*k. List the prime factors of x.
7, 53
Let t(p) = -31*p + 4. L